5408?
7
What is the units digit of 745832?
2
What is the ten millions digit of 30621399?
3
What is the units digit of 1050112?
2
What is the millions digit of 30734640?
0
What is the units digit of 1329154?
4
What is the units digit of 439981?
1
What is the tens digit of 1866910?
1
What is the ten thousands digit of 607194?
0
What is the tens digit of 228819?
1
What is the ten thousands digit of 1002719?
0
What is the ten thousands digit of 919410?
1
What is the hundreds digit of 4298120?
1
What is the units digit of 521672?
2
What is the hundreds digit of 38489?
4
What is the thousands digit of 30562?
0
What is the hundreds digit of 129248?
2
What is the units digit of 2978723?
3
What is the tens digit of 715471?
7
What is the tens digit of 495982?
8
What is the thousands digit of 3858549?
8
What is the ten thousands digit of 429269?
2
What is the hundreds digit of 878622?
6
What is the units digit of 21951?
1
What is the hundreds digit of 1266771?
7
What is the hundred thousands digit of 31947491?
9
What is the units digit of 7777913?
3
What is the ten thousands digit of 3327170?
2
What is the tens digit of 168810?
1
What is the ten thousands digit of 123140?
2
What is the units digit of 5361829?
9
What is the hundred thousands digit of 256818?
2
What is the units digit of 1667275?
5
What is the hundreds digit of 805692?
6
What is the thousands digit of 395544?
5
What is the tens digit of 683799?
9
What is the hundreds digit of 2839378?
3
What is the hundred thousands digit of 25511150?
5
What is the hundred thousands digit of 141247?
1
What is the hundred thousands digit of 1097153?
0
What is the thousands digit of 371689?
1
What is the ten thousands digit of 630534?
3
What is the thousands digit of 502319?
2
What is the hundreds digit of 1456086?
0
What is the units digit of 792909?
9
What is the thousands digit of 8849805?
9
What is the hundreds digit of 202854?
8
What is the tens digit of 232156?
5
What is the hundreds digit of 107815?
8
What is the hundreds digit of 1428334?
3
What is the ten thousands digit of 869295?
6
What is the hundreds digit of 1316912?
9
What is the units digit of 173511?
1
What is the ten thousands digit of 9759625?
5
What is the thousands digit of 21203529?
3
What is the millions digit of 12271775?
2
What is the hundred thousands digit of 9230404?
2
What is the hundred thousands digit of 641505?
6
What is the units digit of 9599731?
1
What is the thousands digit of 259300?
9
What is the millions digit of 15356155?
5
What is the tens digit of 1763387?
8
What is the thousands digit of 707649?
7
What is the tens digit of 11309637?
3
What is the millions digit of 1862827?
1
What is the thousands digit of 14645675?
5
What is the tens digit of 5034590?
9
What is the ten thousands digit of 657895?
5
What is the hundred thousands digit of 2263983?
2
What is the thousands digit of 152482?
2
What is the units digit of 5115202?
2
What is the thousands digit of 6871905?
1
What is the units digit of 46072?
2
What is the hundred thousands digit of 1921852?
9
What is the thousands digit of 1731631?
1
What is the thousands digit of 66072?
6
What is the millions digit of 13705130?
3
What is the ten thousands digit of 1549103?
4
What is the thousands digit of 205072?
5
What is the hundreds digit of 1395158?
1
What is the millions digit of 1629802?
1
What is the units digit of 32939?
9
What is the thousands digit of 977663?
7
What is the thousands digit of 280479?
0
What is the hundred thousands digit of 4114326?
1
What is the ten thousands digit of 90347?
9
What is the thousands digit of 1219498?
9
What is the ten thousands digit of 4412308?
1
What is the hundreds digit of 66250?
2
What is the millions digit of 2823265?
2
What is the thousands digit of 222952?
2
What is the tens digit of 6827356?
5
What is the tens digit of 582357?
5
What is the hundred thousands digit of 36801932?
8
What is the thousands digit of 8332244?
2
What is the hundreds digit of 7004368?
3
What is the hundred thousands digit of 290913?
2
What is the hundred thousands digit of 350530?
3
What is the hundreds digit of 2709368?
3
What is the units digit of 3124910?
0
What is the ten thousands digit of 19752526?
5
What is the thousands digit of 591677?
1
What is the hundred thousands digit of 3408686?
4
What is the thousands digit of 43456?
3
What is the ten thousands digit of 368615?
6
What is the units digit of 12644689?
9
What is the hundred thousands digit of 342268?
3
What is the tens digit of 1256127?
2
What is the tens digit of 45773?
7
What is the ten thousands digit of 1342488?
4
What is the tens digit of 702211?
1
What is the thousands digit of 411610?
1
What is the ten thousands digit of 10748489?
4
What is the units digit of 419826?
6
What is the units digit of 3250500?
0
What is the ten thousands digit of 2250718?
5
What is the hundred thousands digit of 195758?
1
What is the thousands digit of 455041?
5
What is the tens digit of 195210?
1
What is the tens digit of 106093?
9
What is the thousands digit of 440253?
0
What is the hundred thousands digit of 3194198?
1
What is the ten thousands digit of 2198280?
9
What is the hundreds digit of 286707?
7
What is the units digit of 2555630?
0
What is the hundred thousands digit of 524905?
5
What is the tens digit of 2236134?
3
What is the ten thousands digit of 31830?
3
What is the units digit of 3848967?
7
What is the units digit of 22329257?
7
What is the tens digit of 739?
3
What is the ten thousands digit of 25450106?
5
What is the hundreds digit of 155765?
7
What is the hundred thousands digit of 911771?
9
What is the thousands digit of 79752?
9
What is the ten thousands digit of 3961035?
6
What is the hundreds digit of 134561?
5
What is the tens digit of 3129171?
7
What is the thousands digit of 13269173?
9
What is the millions digit of 13431251?
3
What is the hundreds digit of 182624?
6
What is the ten thousands digit of 203915?
0
What is the ten millions digit of 11466968?
1
What is the units digit of 126565?
5
What is the thousands digit of 3474284?
4
What is the units digit of 42694958?
8
What is the hundred thousands digit of 1772594?
7
What is the ten thousands digit of 35309522?
0
What is the ten millions digit of 14275019?
1
What is the thousands digit of 1471370?
1
What is the tens digit of 1934238?
3
What is the units digit of 629237?
7
What is the units digit of 26463954?
4
What is the tens digit of 1069216?
1
What is the hundred thousands digit of 1179853?
1
What is the hundred thousands digit of 19454698?
4
What is the thousands digit of 42999?
2
What is the hundred thousands digit of 790007?
7
What is the hundred thousands digit of 559560?
5
What is the ten thousands digit of 7979182?
7
What is the units digit of 10454439?
9
What is the ten thousands digit of 1683136?
8
What is the units digit of 124022?
2
What is the thousands digit of 1946825?
6
What is the units digit of 562887?
7
What is the units digit of 337543?
3
What is the units digit of 2831?
1
What is the tens digit of 927342?
4
What is the hundreds digit of 810304?
3
What is the hundreds digit of 245758?
7
What is the ten thousands digit of 3369927?
6
What is the ten thousands digit of 280092?
8
What is the units digit of 1169736?
6
What is the units digit of 478887?
7
What is the hundred thousands digit of 1900036?
9
What is the tens digit of 208568?
6
What is the units digit of 67851?
1
What is the thousands digit of 1324652?
4
What is the ten thousands digit of 90215?
9
What is the hundreds digit of 277050?
0
What is the thousands digit of 368916?
8
What is the hundred thousands digit of 417911?
4
What is the hundreds digit of 5508483?
4
What is the hundreds digit of 278619?
6
What is the hundreds digit of 389709?
7
What is the ten thousands digit of 647439?
4
What is the hundred thousands digit of 841763?
8
What is the millions digit of 3783266?
3
What is the thousands digit of 16817599?
7
What is the tens digit of 35474?
7
What is the thousands digit of 2244?
2
What is the hundred thousands digit of 184010?
1
What is the ten millions digit of 15261566?
1
What is the units digit of 2075416?
6
What is the thousands digit of 2528098?
8
What is the ten thousands digit of 245921?
4
What is the tens digit of 4995732?